{"id":2042,"date":"2024-03-11T17:36:57","date_gmt":"2024-03-12T00:36:57","guid":{"rendered":"https:\/\/uneteoregon.org\/events\/dia-del-nino\/"},"modified":"2024-03-11T17:38:07","modified_gmt":"2024-03-12T00:38:07","slug":"dia-del-nino","status":"publish","type":"mec-events","link":"https:\/\/uneteoregon.org\/es\/events\/dia-del-nino\/","title":{"rendered":"d\u00eda del ni\u00f1o"},"content":{"rendered":"<p>Ven a celebrar el d\u00eda del ni\u00f1o con nosotros el 28 de abril de 2 a 4 p.m.<\/p>","protected":false},"excerpt":{"rendered":"<p>Ven a celebrar el d\u00eda del ni\u00f1o con nosotros el 28 de abril de 2 a 4 p.m.<\/p>","protected":false},"author":2,"featured_media":2039,"comment_status":"closed","ping_status":"closed","template":"","tags":[],"mec_category":[],"class_list":["post-2042","mec-events","type-mec-events","status-publish","has-post-thumbnail","hentry"],"jetpack_sharing_enabled":true,"_links":{"self":[{"href":"https:\/\/uneteoregon.org\/es\/wp-json\/wp\/v2\/mec-events\/2042","targetHints":{"allow":["GET"]}}],"collection":[{"href":"https:\/\/uneteoregon.org\/es\/wp-json\/wp\/v2\/mec-events"}],"about":[{"href":"https:\/\/uneteoregon.org\/es\/wp-json\/wp\/v2\/types\/mec-events"}],"author":[{"embeddable":true,"href":"https:\/\/uneteoregon.org\/es\/wp-json\/wp\/v2\/users\/2"}],"replies":[{"embeddable":true,"href":"https:\/\/uneteoregon.org\/es\/wp-json\/wp\/v2\/comments?post=2042"}],"wp:featuredmedia":[{"embeddable":true,"href":"https:\/\/uneteoregon.org\/es\/wp-json\/wp\/v2\/media\/2039"}],"wp:attachment":[{"href":"https:\/\/uneteoregon.org\/es\/wp-json\/wp\/v2\/media?parent=2042"}],"wp:term":[{"taxonomy":"post_tag","embeddable":true,"href":"https:\/\/uneteoregon.org\/es\/wp-json\/wp\/v2\/tags?post=2042"},{"taxonomy":"mec_category","embeddable":true,"href":"https:\/\/uneteoregon.org\/es\/wp-json\/wp\/v2\/mec_category?post=2042"}],"curies":[{"name":"gracias","href":"https:\/\/api.w.org\/{rel}","templated":true}]}}

día del niño

<p>Ven a celebrar el día del niño con nosotros el 28 de abril de 2 a 4 p.m.</p>
